value of 0 - (5 + (-2 - (-4 + -1))) - 8?
-16
69 + -78 - (-3 + 5)
-11
Calculate 211 - 143 - (15 + 33).
20
What is -8 - (-16 + 6) - 14?
-12
Calculate -34 + (0 + -4 - (-14 + 6) - -2).
-28
Calculate 11 - -6 - 21 - -4.
0
What is -2 - 1 - (-75 - -80)?
-8
What is the value of 3 + 1 + (-7 + 12 - (-7 - -16))?
0
What is the value of 44 + -67 + -7 + 58?
28
4 - 43 - -9 - -7
-23
Evaluate -3 + -2 + 24 + -24 + 7 + -1.
1
What is -29 - (36 + -57) - (1 + -1) - -18?
10
What is the value of 9 - (-1 + 13) - 6?
-9
What is -1 + 18 - (222 + -212)?
7
What is 2 + (1 - (-9 - 6 - -33))?
-15
Evaluate (11 - (-3 - -27)) + -2 - -54.
39
(-6 + -1 - -14) + (1 - 5)
3
What is the value of -5 - (-5 + (1 - (4 + -5) - 0))?
-2
(-5 - (19 - 37)) + 0
13
Calculate (34 - 10) + -66 + 56.
14
(3 + -3 - (-1 + 3)) + (4 - 8)
-6
What is -5 + -1 + (22 - 40) + 7?
-17
-4 - 3 - (-9 + (-3 - 0) + 6)
-1
What is the value of (2 - 6) + 28 + 8 + (-13 - -3)?
22
What is the value of 38 + -47 + (-17 - -16 - (-4 + 1))?
-7
(13 - 8 - 0) + 7 - -11
23
Calculate (-5 - -2 - (-34 - -21)) + (7 - 6).
11
What is 1 - (95 + -102 + (0 - (-2 + 2)))?
8
What is (-2 - -9 - -7) + -19?
-5
What is (-9 + 6 - -4 - 14) + -24 + 31?
-6
19 + -3 - 54 - -14
-24
-14 - 0 - (9 + 11 + -12 + 0)
-22
What is 149 + -179 + -1 + 3?
-28
What is the value of (-23 - -19) + 4 + -10 + 6?
-4
What is the value of (-1 - (5 + 1)) + -101 + 94?
-14
Calculate -3 + (2 - 2) - (-6 + 6 + 13).
-16
Calculate 35 + -40 - -27 - (-1 - -6 - 0).
17
What is the value of 58 + (10 - (27 - -21))?
20
Evaluate 2 + -8 + (1 - ((-4 - -1) + -1)).
-1
What is the value of (-1 - 2) + (91 - (46 + 35))?
7
What is 33 + 22 + -37 - 21?
-3
10 + -1 + -3 + -15
-9
10808 + -10812 + (-2 - -1) + -2 + 10
3
What is -4 - (-1 - (6 + -6))?
-3
Evaluate 2 - 8 - (-7 + 6 + -4).
-1
Evaluate (-6 + -4 - -4) + 18 - (11 + -3).
4
Calculate (-8 - (-1 + -1 + 5)) + -158 + 156.
-13
Evaluate 208 - 95 - 87 - (9 + (-1 - 0)).
18
Evaluate (2 - 3) + -9 - (-26 - (-25 - -3)).
-6
3 + -4 + 6 + (7 - 1) + -31
-20
What is 20 + (30 - 48) + (-4 - 29)?
-31
Calculate (-4 - 14) + 5 + (4 - (-2 + 6)).
-13
Evaluate -1 + (2 - -4) + 5 + (-4 - -2).
8
What is the value of (-11 - -13) + 3 + 1 + 6?
12
Calculate 32 + (-3 + 4 + -7 - 7).
19
-19 + -5 + 11 + (-11 - -5) + 3
-16
What is -8 - (-5 + 7 + -6 - 2) - 1?
-3
What is -354 + 349 + (1 - -10)?
6
What is -11 + 21 - 7 - (3 + (-3 - -3))?
0
What is (-47 - -2) + (-399 - -449)?
5
8 - 0 - (277 - 280)
11
What is 10 + 1 + (10 - (4 + (17 - 9)))?
9
What is the value of 219 + -201 - (-1 - -13)?
6
-2 - 4 - (-47 - -54 - (11 - 1))
-3
What is -25 - (-20 - (-18 + 32))?
9
What is 11 + (-1 - (14 - 6) - -7)?
9
(18 - 17) + (2 - 6) + 2
-1
What is the value of -22 + 31 + -12 - -2?
-1
(27 - (20 + 19)) + 2
-10
Calculate (-120 - -128 - (2 - -2 - 2)) + 1.
7
What is (1 - (7 + -10)) + 3 + (-2 - 7)?
-2
What is -10 + 0 + 14 - (-4 - -20 - 4)?
-8
What is -2 - 0 - (33 - 32) - (0 + -2)?
-1
What is the value of 2 + 1 - (5 - (7 - -9))?
14
4 - (-39 - (-51 - -28))
20
Calculate 45 + (6 - 18) + (4 - 15).
22
Evaluate -6 + 3 + (0 - 4) + 4 + 0.
-3
What is -1 - (-8 + 8) - (-32 + (7 - 0))?
24
What is 1 + 9 + (1 - (-15 - -23))?
3
What is -1 - 28 - (-22 - (-1 - (23 + -12)))?
-19
Evaluate (17 - 8) + (-4 - (-17 - -8)) + -36.
-22
-22 + (18 - 14) + 34
16
Evaluate 7 + 12 - ((0 - 2) + (-5 - -10)).
16
Evaluate -6 - (-22 + -3 - -21).
-2
(5 - (4 + -2)) + (22 - 27)
-2
What is -24 + 16 + 8 + -19?
-19
What is the value of -3017 - -3006 - (-5 - (0 + 1))?
-5
What is (1 - -8) + (28 - (70 - 49))?
16
What is the value of 7 - (12 + -17) - (7 + (6 - 11))?
10
Calculate -3 + -4 + (2 - -1) - -3.
-1
Evaluate 12 + 11 + -3 + -3 + -1 + 0.
16
Evaluate -325 + 340 - (11 - (1 + -3)).
2
Calculate -9 - ((11 - 21) + 0 + 11).
-10
Evaluate -14 - -4 - (-135 + 120).
5
What is -9 + -8 + (-8 - (9 + -32))?
-2
What is the value of 2 - (-4 - -28) - (-174 - -160)?
-8
Evaluate -1 + -13 + (10 - (11 + (-11 - -7))).
-11
What is -9 + 6 + (-8 - -5) + 4?
-2
What is -5 - (3 + (-1 - -6) + -8) - 7?
-12
Evaluate (61 - 68) + -2 + 2.
-7
90 + -92 + (-1 - (-3 - -1))
-1
17 + (16 - 64 - -15)
-16
What is -3 - (-6 + -1 + 3)?
1
-8 + 6 + (53 - 54)
-3
-1 + -28 + (143 - 142) - (-7 - 3)
-18
Calculate -15 + (9 - (0 + -17)) - (-4 + 10).
5
What is the value of -12 + (9 - 5) + 9?
1
Evaluate 10 + -2 + 14 + (-9 - 0) + -3.
10
Calculate 7 - (2 - (1 - -1)) - 1.
6
What is the value of -3 + -7 + 4 + (-5 - -3)?
-8
What is 15 + -14 + -3 + 9 - -16?
23
What is 6 - (4 - (2 + -18))?
-14
What is 8 - (-8 + 28) - (0 - 2 - 8)?
-2
Evaluate (2 - -9) + -10 + (10 - 12).
-1
What is -21 + (-9 - 2) + 2 + 17?
-13
7 + (3 - 15) - (0 - 16)
11
(881 - 871) + (0 - (2 - 2))
10
(3 - -6) + -10 + (21 - 8)
12
What is -14 + 17 + 16 - 13?
6
What is 1 + (-9 + 25 - 22)?
-5
Evaluate -4 + 4 + 5 - (8 - (16 - 2)).
11
-11 + (24 - 3) + -38
-28
Calculate 8 + (9 + -9 - (14 + -7)) - 9.
-8
Calculate (-10 - -6) + 22 + (-9 - 3).
6
-6 + 0 + 1 + -1 + -211 + 229
12
What is 3 - (8 - ((7 - 1 - 13) + 7))?
-5
Calculate (28 + -50 - -13) + -10.
-19
What is the value of 9 + 1 + (71 - 32 - 44)?
5
Calculate (-8 - (-9 - 8)) + -10 + 10.
9
(-1 + 11 - 2) + (-2 - (-1 - 8))
15
What is the value of 6 - 1 - (-52 - -26) - 13?
18
Calculate -18 + (57 - 33) - (0 - 1).
7
What is the value of -11 + -2 + (31 - 27)?
-9
Calculate 105 + -104 + 0 + 0 + (-5 - 2).
-6
Calculate -26 + (19 - 7) + 15.
1
Calculate -3 - 11 - (4 - 1) - -3.
-14
Evaluate 0 + (2 - (27 + 14 + -10)) + 0.
-29
What is 10 - (7 + -5 + -6 + 2)?
12
What is (37 - 33 - 13) + 1 + -1 + 1?
-8
Calculate -7 + (-7 + 16 - 4) + -2 - 13.
-17
What is the value of 23 - (-35 + 13) - 25?
20
What is 15 + 5 - 28 - (-2 - -7)?
-13
What is the value of (-3 - (-30 + 9 - -3)) + -6?
9
What is the value of -18 + 12 + -12 + 9 + -14?
-23
What is 1 + 0 + -7 - 3?
-9
Calculate (43 - 39) + (3 - (-3 - -11) - 1).
-2
What is the value of (16 - (6 - 1)) + -1?
10
What is the value of -79 - -88 - (11 - -2)?
-4
What is 9 + (7 + -2 - -3 - 3)?
14
What is the value of (8 - 13) + 8 + -4?
-1
Evaluate -18 + (35 - (-9 - -17)) + -15 + -1.
-7
Evaluate 0 + -24 - (9 + (-26 - (9 - 20))).
-18
What is the value of 3 - (5 - 4) - (11 + -9 + -18)?
18
Evaluate 16 - (-35 - (26 - 68)).
9
What is the value of 196 + -191 - (-1 - 0 - 5)?
11
Evaluate (-6 - 2) + 73 + -43 + -15.
7
-11 + (-13 - -11) + 3
-10
Calculate -15 + 36 + -23 + 3.
1
What is the value of -22 + 11 + 9 + -12?
-14
Calculate (129 - 127) + (-15 - 1).
-14
(-2 - 5) + 2 + (0 - 2 - -1)
-6
20 + (-1 - (-7 + (1 - 0))) + 1
26
Calculate -1 + (2 - 11) + (54 - 49).
-5
What is the value of 13 + (26 - 24 - 4 - (-2 + 6))?
7
Evaluate -18 + 11 + -15 + 38.
16
Evaluate (-1 - -1) + 9 + -9 + 0.
0
Evaluate 2 + (-43 - -18) - -49 - (0 - 2).
28
What is -7 + 68 + -73 + (2 - 0)?
-10
Calculate 2 + (-4 - -6) + 2 + -5 - -4.
5
-2 + 5 + 0 - (3 - (-3 - 6))
-9
What is (-32 - (13 - 10)) + (7 - 8)?
-36
What is 9 + -8 + (-6 - -5 - -4) + 0?
4
Calculate -1 - (-12 + -15 + 18 - -6).
2
Evaluate (-32 - -12) + 7 - -15.
2
What is (17 - (5 - 9)) + (-7 - (-1 + -5))?
20
What is the value of -107 + 104 - (0 - 1)?
-2
What is the value of -2 - ((16 - -23) + -13 - (-1 - -9))?
-20
What is the value of 7 - -1 - (1 - -5) - (24 - 15)?
-7
What is the value of (-5 - 0) + -1 - ((84 - 110) + 19)?
1
Evaluate -7 - (10 - 5 - (20 + 1)) - 24.
-15
What is the value of -1 + (2 - 12 - 8)?
-19
Calculate 6 + 1 - (-2 + 10) - 2.
-3
Evaluate (29 - (26 + 5)) + 3.
1
What is the value of -1 + (14 - ((-4 - -5) + 0 + 5))?
7
What is the value of 7 - ((-151 - -155) + -1 + -1 + 31)?
-26
What is 13 + 3 + -19 - -2?
-1
What is the value of -19 - (5 - 18) - (6 + 3)?
-15
Evaluate (16 - 3) + (-13 - 5 - -10).
5
Calculate -8 + (-15 - (-2 + -8 + -1 + 1)).
-13
What is the value of -3 + 4 - 1 - (-7 - 0 - -7)?
0
19 - (-2 - (-20 + 7))
8
What is the value of -28 + (7 + 38 - 15)?
2
Evaluate -42 - (-26 + 49 + -81).
16
40 - (16 + 0) - (4 - -14)
6
Evaluate 15 - (10 - 29 - -23).
11
Evaluate 23 + (18 - 56) + 33.
18
Evaluate 1 + 5 - 7 - (7 - -4).
-12
What is the value of (-9 + 3 - (-9 - -7)) + -2?
-6
Calculate -30 - (-13 - 6) - 2 - -15.
2
-2 + 9 - (-2 - -7 - (10 - 7))
5
Evaluate -104 - -111 - (8 + -4 + 1).
2
Calculate -1 + -2 + (13 - 3) + (-23 - 0).
-16
Calculate (-35 - -33) + 9 + 3.
10
(-21 + 11 - -10) + 5
5
What is the value of 7 + -8 + (2 - -7)?
8
Calculate 15 + 4 - 7 - 25.
-13
What is 30 - (17 + -13 + -12 - (0 +